of 856 and 36594?
214
What is the highest common factor of 84 and 1073244?
12
What is the highest common factor of 486 and 340848?
162
Calculate the greatest common factor of 2523 and 6873.
87
Calculate the highest common factor of 223127 and 43.
43
Calculate the greatest common divisor of 17 and 99059.
17
Calculate the greatest common divisor of 14310 and 5634.
18
Calculate the greatest common divisor of 1092 and 101946.
78
Calculate the greatest common divisor of 440 and 73216.
88
What is the highest common divisor of 729 and 601?
1
What is the highest common divisor of 128 and 9952?
32
Calculate the highest common divisor of 55110 and 49830.
330
Calculate the highest common factor of 10 and 1112710.
10
What is the highest common factor of 32082 and 81?
3
Calculate the greatest common factor of 270 and 18610.
10
What is the greatest common factor of 1480 and 101232?
296
What is the highest common factor of 6755423 and 37?
37
What is the highest common factor of 214981 and 1438?
719
Calculate the highest common divisor of 1370 and 285.
5
What is the greatest common factor of 731 and 1411?
17
What is the highest common factor of 785 and 110842?
157
Calculate the highest common factor of 48 and 2168688.
48
Calculate the greatest common divisor of 174 and 2137242.
174
What is the highest common factor of 1875 and 36750?
375
What is the highest common divisor of 4216 and 713?
31
What is the highest common divisor of 6198322 and 52?
26
What is the greatest common factor of 22 and 3242294?
22
What is the greatest common divisor of 7934 and 36?
2
Calculate the highest common divisor of 11155 and 45.
5
What is the greatest common divisor of 51 and 246755?
17
Calculate the greatest common factor of 539 and 1309.
77
What is the greatest common factor of 3776892 and 168?
84
Calculate the greatest common divisor of 32168 and 116.
4
Calculate the greatest common divisor of 174770 and 10.
10
Calculate the highest common divisor of 54 and 276993.
27
Calculate the greatest common divisor of 1870 and 84898.
374
Calculate the highest common divisor of 320 and 231360.
320
Calculate the greatest common divisor of 437410 and 85.
85
Calculate the highest common factor of 4400 and 1700.
100
What is the greatest common divisor of 674752 and 128?
64
What is the highest common divisor of 200 and 1348?
4
Calculate the greatest common divisor of 9514 and 852.
142
What is the highest common divisor of 77371 and 2?
1
Calculate the highest common factor of 1100 and 8767.
11
Calculate the highest common divisor of 265 and 1906145.
265
Calculate the highest common divisor of 234234 and 2772.
1386
Calculate the highest common factor of 1845597 and 1279.
1279
What is the highest common factor of 45251 and 118631?
1223
What is the greatest common divisor of 89940 and 120?
60
Calculate the highest common factor of 446525 and 1325.
1325
Calculate the greatest common factor of 615314 and 154.
14
What is the highest common divisor of 2194 and 184?
2
Calculate the highest common divisor of 112 and 292768.
112
What is the greatest common factor of 22110 and 90?
30
Calculate the greatest common factor of 57643 and 7493.
59
What is the highest common divisor of 4439 and 4853?
23
What is the highest common factor of 306 and 4734?
18
Calculate the greatest common divisor of 20118 and 42.
42
What is the greatest common factor of 20463 and 171?
57
What is the greatest common factor of 80 and 3920?
80
What is the highest common factor of 128 and 22808?
8
What is the highest common divisor of 282987 and 8037?
423
Calculate the greatest common factor of 200870 and 4558.
106
Calculate the highest common divisor of 579 and 15743589.
579
Calculate the greatest common factor of 4626 and 2124.
18
Calculate the greatest common divisor of 12610 and 767.
13
What is the greatest common divisor of 45636 and 36?
12
Calculate the greatest common divisor of 657179 and 23.
23
Calculate the greatest common factor of 33981 and 7473.
141
Calculate the highest common divisor of 110 and 556820.
110
What is the greatest common factor of 51 and 16184?
17
Calculate the greatest common factor of 11000 and 29040.
440
What is the highest common factor of 228993 and 222?
111
What is the greatest common factor of 8841 and 168?
21
What is the greatest common factor of 26 and 3172390?
26
What is the highest common divisor of 723 and 27956?
241
Calculate the highest common factor of 3066 and 63.
21
What is the greatest common divisor of 40221 and 126?
9
What is the highest common factor of 35070 and 60?
30
What is the greatest common divisor of 135 and 4320?
135
Calculate the highest common divisor of 1406 and 3002.
38
What is the highest common divisor of 137709 and 11?
11
What is the highest common divisor of 718968 and 2784?
696
Calculate the highest common divisor of 625 and 272875.
125
What is the highest common factor of 12461 and 340?
17
Calculate the greatest common divisor of 440 and 8624.
88
Calculate the highest common factor of 27216 and 7952.
112
Calculate the highest common factor of 1070792 and 5480.
1096
Calculate the highest common factor of 48 and 34864.
16
Calculate the highest common divisor of 20989 and 695.
139
What is the greatest common factor of 102 and 146829?
51
Calculate the greatest common divisor of 16224 and 4524.
156
What is the greatest common factor of 68 and 95044?
4
Calculate the greatest common divisor of 51 and 401251.
17
What is the greatest common factor of 88705 and 3140?
785
What is the greatest common factor of 14208 and 23712?
96
What is the greatest common factor of 90003 and 4161?
57
Calculate the highest common factor of 642 and 1854.
6
What is the highest common factor of 6600 and 528?
264
Calculate the highest common factor of 1320 and 97460.
220
Calculate the greatest common factor of 851 and 10253699.
851
Calculate the highest common factor of 21204 and 54.
18
What is the greatest common divisor of 588 and 239988?
84
What is the highest common divisor of 4928 and 256?
64
What is the highest common divisor of 1722 and 113078?
574
Calculate the highest common factor of 14462 and 14.
14
Calculate the highest common divisor of 5351 and 1.
1
Calculate the highest common divisor of 704 and 20864.
64
What is the highest common factor of 352 and 3808?
32
What is the highest common factor of 5984 and 69003?
187
Calculate the highest common divisor of 56 and 182.
14
Calculate the greatest common divisor of 24725 and 2300.
575
Calculate the greatest common divisor of 48 and 106332.
12
Calculate the highest common factor of 144144 and 455.
91
Calculate the highest common divisor of 34 and 221289.
17
What is the greatest common factor of 55984 and 24?
8
Calculate the highest common divisor of 352 and 2849.
11
What is the highest common divisor of 150447 and 141?
141
What is the greatest common factor of 360160 and 160?
160
What is the greatest common factor of 44 and 4982318?
22
What is the greatest common factor of 56 and 149912?
56
Calculate the highest common divisor of 21909 and 2289.
327
Calculate the highest common factor of 10384 and 50504.
472
What is the greatest common divisor of 47232 and 432?
144
What is the highest common divisor of 6742 and 1?
1
Calculate the highest common factor of 300907 and 262.
131
Calculate the highest common divisor of 13601 and 348.
29
What is the highest common divisor of 354 and 534?
6
What is the greatest common factor of 9555 and 6747?
39
Calculate the highest common divisor of 1698 and 12.
6
Calculate the highest common divisor of 847 and 114884.
77
What is the highest common factor of 15652 and 4004?
364
What is the greatest common divisor of 2108 and 2229737?
527
Calculate the highest common divisor of 467090 and 130.
130
What is the greatest common divisor of 479873 and 933?
311
What is the greatest common factor of 190665 and 1485?
45
Calculate the highest common factor of 2519 and 5533.
11
What is the greatest common factor of 1708 and 77348?
244
What is the highest common factor of 1055 and 5?
5
What is the greatest common divisor of 526 and 5358099?
263
Calculate the highest common divisor of 943129 and 33.
11
Calculate the greatest common divisor of 5450 and 4905.
545
What is the greatest common divisor of 72 and 357048?
72
What